e hundreds digit of r?
1
Let n = 47 - 49. Let d be 8 + -7 - n/2. Suppose -11 = d*r - 139. What is the units digit of r?
4
Suppose 2 = -2*i, 0 = 2*j + 4*i - 4367 - 10361. What is the tens digit of j?
6
Let f = -546 + 2463. Suppose -4*m = -2*t - 3610, 5*m - t = 2591 + f. What is the hundreds digit of m?
9
Let r(n) = -n**3 - 6*n**2 + 14*n + 9. Let y be r(-8). Suppose -5*w + 145 = -y. What is the tens digit of w?
3
Let k(l) = -289*l - 385. Let o be ((-84)/(-18))/((-12)/18). What is the hundreds digit of k(o)?
6
Suppose -r - 5*h = 2*r + 8, -5*r - 4*h + 4 = 0. Suppose 0 = -3*v - 0*v + u + 20, -r*u = -2*v + 30. What is the tens digit of v/(-25) - ((-642)/10 + 1)?
6
Let t = 106954 - 59653. What is the tens digit of t?
0
What is the tens digit of (-4 - 8)/12 + (-36850)/(-2) + -5?
1
Let i(m) = m**2 - m - 9. Let h = 24 - 19. Let r be (-1)/5 - (-41)/h. What is the tens digit of i(r)?
4
Let n(q) = 4*q - 18. Let l be n(5). Suppose 0 = g - l*m - 283, -5*g + 0*m + 4*m + 1421 = 0. What is the units digit of (g/(-55) - -5) + 3568/22?
2
Let t = -387 + 767. Let b = t + 31. What is the tens digit of b?
1
Suppose 1487 = -11*a + 1597. What is the units digit of 40*(448/(-42))/(a/(-6))?
6
Suppose 2*c - 176 = 4992. Suppose -c = 4*y - 4*d, -3*d - 630 = y - 8*d. What is the units digit of (6/4)/(y/328 - -2)?
2
Let f be ((-3706)/2)/((-10)/20). Suppose 0 = -8*n + 4838 + f. What is the thousands digit of n?
1
Suppose 0 = 4*d - d + 5*s - 9, -d + 4*s = 14. Let r be -17 - 0 - (d - -3)*-3. What is the tens digit of 7*3 + (-28)/r?
2
Let h(t) = -465*t**3 - 12*t**2 - 54*t - 28. What is the thousands digit of h(-4)?
9
Let t = 16763 + 61094. What is the tens digit of t?
5
Suppose 0*z = -5*z + 4*a - 66, a - 14 = z. Let x be 6 + z + 8/1. What is the hundreds digit of (-11)/(77/399)*x/(-2)?
1
Let y(b) = 66603*b**2 - 28*b + 27. What is the hundreds digit of y(1)?
6
Let r be (-59 + 0)/(2*3/(-12)). Suppose -r = 3*x - 331. Let m = x + 42. What is the hundreds digit of m?
1
Suppose -4*h = -47*h - 65*h + 6089796. What is the hundreds digit of h?
3
Suppose -9*b - 1857 = -5*b - 5*d, 2*d - 10 = 0. Let g = 964 + b. What is the tens digit of g?
0
Let k(l) = 3*l**2 + 76*l + 603. What is the tens digit of k(-81)?
3
Let m(d) = 26*d**2 + 5*d + 8. Let x be (6/5)/(-1 - 3/(-5)). What is the tens digit of m(x)?
2
Suppose -5 = n - b, n = -5*b - 4 - 13. What is the units digit of 73 + 10 + (-10 - n)?
0
Let v(g) = -2*g. Let l(i) = -17*i - 133. Let c(d) = l(d) - 2*v(d). What is the units digit of c(-25)?
2
Let w be ((-4)/(-5))/(1/10). Let m = w + -8. Suppose 0 = -b + 2*s + 69, m*b + 133 = 2*b + s. What is the tens digit of b?
6
Let u be (4518/(-9))/(5/(-5)). Suppose -5 = d, 0 = -f - 2*d + u + 10. What is the hundreds digit of f?
5
Let u = -190 + 198. Suppose -u*v + 671 = -1473. What is the units digit of v?
8
Let v(m) = 10*m - 4. Let j be v(2). Let k = j + -1. Suppose k*b - 11*b - 516 = 0. What is the tens digit of b?
2
Let g = -22 + 37. Let a be ((-4104)/g)/(18/60). What is the units digit of a/(-18) + (-4)/6?
0
Let w be 4/40*5*-28. Let y(t) = t**3 + 15*t**2 - 9*t - 38. What is the units digit of y(w)?
4
Let l(h) = 114*h + 85. Let a be l(5). Let f = -414 + a. What is the tens digit of f?
4
Let p be -18 - -16 - (1 + -1259). Let g = p + -737. What is the units digit of g?
9
Let t = -3805 + 2237. What is the tens digit of ((-7)/(7/(-6)))/((-14)/t)?
7
Suppose -5*i = -5*h + 1550, 2*h - 122 - 477 = -5*i. Let j = 548 - h. What is the units digit of j?
1
Let w = 15422 - 9210. What is the units digit of w?
2
Let l = -222 + 311. Let p = 482 + -385. Suppose 3*y - p = l. What is the tens digit of y?
6
Let m(c) = c**3 - 21*c**2 + 20*c - 30. Let x be m(18). Let i = -222 - x. Suppose 11*v - 9*v = i. What is the units digit of v?
0
Suppose 24 = 5*s - 3*g, 2*g + 2*g = -2*s + 20. Suppose s*j - 3*j + 5*c = -2, c - 4 = -5*j. What is the hundreds digit of j + 300/((-12)/(-4))?
1
Suppose 3*j - 3400 = -41*d + 45*d, 5*d = 5*j - 5670. Suppose t + 3*p = 1136, 6*p - 2*p = t - j. What is the units digit of t?
6
Suppose -5*p + 191977 = -m, 396*m = 3*p + 391*m - 115151. What is the ten thousands digit of p?
3
Let g = 17 + -22. Let z(f) = f**3 + 6*f**2 + 5*f + 3. Let q be z(g). Suppose -146 - 151 = -q*s. What is the units digit of s?
9
Let s(f) = -5*f**3 + 11*f**2 - 18*f + 9. Let r be s(7). Let i = 3032 + r. What is the tens digit of i?
3
Suppose 44 = -3*y + 5*g + 18, -50 = 5*y - 5*g. Let m(l) = 2*l - 32 + l - 9*l. What is the units digit of m(y)?
0
Suppose 5*q - 21218 - 18030 = -6*q. What is the thousands digit of q?
3
Let r = 13204 - 4692. What is the thousands digit of r?
8
Let q = 67824 + -42331. What is the units digit of q?
3
Let o = 325 + -316. Let n be 275/(-4) + (-2)/8. Let m = o - n. What is the tens digit of m?
7
Let i(o) = 35 - 15*o + 51*o - 20*o + 6*o**2. What is the units digit of i(-8)?
1
Suppose 0 = -280*y + 124601 - 24641. Let i = -231 - -105. Let x = i + y. What is the tens digit of x?
3
Suppose 5*p + 30742 = 3*k, k + 2*p - 10270 = -2*p. What is the tens digit of k/21 - ((-4)/(-7))/2?
8
Let n = 147 + -142. Suppose 0 = -b + n*g + 67, 5*b - 6*b - 2*g + 81 = 0. What is the units digit of b?
7
Suppose 0 = -8*o - 30*o + 961 + 2383. Let v = 265 - 78. Suppose -11*n + v = -o. What is the units digit of n?
5
Let v(a) = 6*a**2 - 513*a + 229. What is the ten thousands digit of v(109)?
1
Let p(z) be the third derivative of z**5/60 + z**4/3 + z**3/3 - 34*z**2. Let c be p(-7). What is the units digit of (97/c)/((-14)/70)?
7
Suppose c - 19*c + 6084 = 0. Suppose -347*h + c*h = -4230. What is the hundreds digit of h?
4
Let j(a) = -7940*a - 4226. What is the ten thousands digit of j(-4)?
2
Let h be (-52)/(-338) - (-134)/(-26). Let g be 1/h + 12/10. What is the units digit of (-732)/(-12) - (g + -1)?
1
Let h = -3800 - -7943. What is the tens digit of h?
4
Let t(f) = 59*f - 115 + 242 - 83. What is the units digit of t(15)?
9
Let h(x) = -11*x - 8. Let g = 43 + -44. Let i be (32/48)/(g/21). What is the units digit of h(i)?
6
What is the units digit of -12*11366*(104/240 - 12/20)?
2
Let i(b) = -b**2 + 12*b + 59. Let h be i(-30). Let v = -741 - h. What is the units digit of v?
0
Suppose 1 = -o + 2*n, -7*n = -o - 3*n - 11. Suppose -1147 = -o*g + 4712. What is the tens digit of g?
5
Suppose 34*j - 364661 = 516041. What is the units digit of j?
3
Let a be (-4)/(-5)*(-45)/(-9). Suppose a*w = 649 + 27. Suppose 0 = 3*j - c - 3*c - w, -4 = c. What is the tens digit of j?
5
Let a = 23 - 11. Suppose 2*z + t - 153 = -z, 0 = -4*t + a. Let i = z + 1. What is the tens digit of i?
5
Let q = 480 + -331. Suppose -4*l - 1000 = -4*a, -a + 5*l = -85 - q. What is the hundreds digit of a?
2
Suppose 2*t = -23*t + 11875. Suppose o = -0*n - 2*n + t, -o - 5*n = -460. What is the units digit of o?
5
Suppose 303572 = 11*m - 261894. What is the thousands digit of m?
1
Let k(b) = 2443*b - 1620. What is the units digit of k(11)?
3
Suppose 0 = 3*t + 6, q = 4*t + 7860 + 31703. What is the thousands digit of q?
9
Suppose -8071 = -2*p - 1527. Suppose 0 = -2*z, -3*z - p - 8 = -4*n. What is the units digit of n?
0
Let y = 106551 + -73407. What is the tens digit of y?
4
Suppose -101*p = 34*p + 5*p - 422240. What is the thousands digit of p?
3
What is the units digit of (-12371 + 109)*2/(-4)?
1
Suppose 0 = -2*o + 3*q + 94, 6*o = o - 5*q + 260. What is the thousands digit of (-2850)/(-25)*o/4?
1
Let a = -222 - -270. What is the units digit of (-1149)/(-42)*10 - a/(-112)?
4
Let y be (54/(-36))/(3/16). Let b(s) be the second derivative of -s**5/20 - 2*s**4/3 - s**3/6 - s. What is the units digit of b(y)?
8
Suppose -18*b - g - 2628 = -22*b, -2*b + 1312 = -g. What is the hundreds digit of b?
6
Let q be (-4 + 14)/(4/18*3). What is the units digit of (q + 26)/(1/27)?
7
Let u(c) = c**2 - 54*c + 2200. What is the thousands digit of u(74)?
3
Let k = 59983 + -35683. What is the thousands digit of k?
4
Suppose -40 = 4*a + 5*w, -2*a - 38 = -w - w. What is the hundreds digit of (-3711)/(-9) + 5/a?
4
Let m(v) = -13*v**3 + 2*v**2 + 44*v - 10. Let b(z) = -11*z**3 + 4*z**2 + 45*z - 9. Let d(r) = -6*b(r) + 5*m(r). What is the units digit of d(20)?
4
Suppose 0 = -7*m + 894 + 1311. Suppose 2*g + m = 11*g. Suppose -g*v - 160 = -39*v. What is the units digit of v?
0
Suppose h + 5*a + 40 = 143, 1 =